{"id":65,"date":"2021-11-27T16:14:44","date_gmt":"2021-11-27T15:14:44","guid":{"rendered":"https:\/\/www.endkorrektur.de\/Beethoven\/?page_id=65"},"modified":"2024-11-15T16:41:27","modified_gmt":"2024-11-15T15:41:27","slug":"kuenstlerische-annaeherungen","status":"publish","type":"page","link":"https:\/\/www.mutter-beethoven-haus.de\/?page_id=65","title":{"rendered":"K\u00fcnstlerische Ann\u00e4herungen"},"content":{"rendered":"<p>&nbsp;<\/p>\n<p><img loading=\"lazy\" decoding=\"async\" class=\"wp-image-940 aligncenter\" src=\"https:\/\/www.mutter-beethoven-haus.de\/wp-content\/uploads\/2024\/09\/Magdalena-1-BILD-GA.jpg\" alt=\"\" width=\"727\" height=\"462\" srcset=\"https:\/\/www.mutter-beethoven-haus.de\/wp-content\/uploads\/2024\/09\/Magdalena-1-BILD-GA.jpg 2332w, https:\/\/www.mutter-beethoven-haus.de\/wp-content\/uploads\/2024\/09\/Magdalena-1-BILD-GA-300x191.jpg 300w, https:\/\/www.mutter-beethoven-haus.de\/wp-content\/uploads\/2024\/09\/Magdalena-1-BILD-GA-1024x651.jpg 1024w, https:\/\/www.mutter-beethoven-haus.de\/wp-content\/uploads\/2024\/09\/Magdalena-1-BILD-GA-768x488.jpg 768w, https:\/\/www.mutter-beethoven-haus.de\/wp-content\/uploads\/2024\/09\/Magdalena-1-BILD-GA-1536x977.jpg 1536w, https:\/\/www.mutter-beethoven-haus.de\/wp-content\/uploads\/2024\/09\/Magdalena-1-BILD-GA-2048x1302.jpg 2048w, https:\/\/www.mutter-beethoven-haus.de\/wp-content\/uploads\/2024\/09\/Magdalena-1-BILD-GA-1140x725.jpg 1140w\" sizes=\"auto, (max-width: 727px) 100vw, 727px\" \/><\/p>\n<p style=\"text-align: center;\">KLANGFARBEN \u2013 Musik und Malerei Gudrun Ackermann &amp; Sven F\u00f6rger<\/p>\n<p style=\"text-align: center;\">Live Performance am 07. September 2024 zur Museumsnacht Koblenz<\/p>\n<p style=\"text-align: center;\"><strong>Maria Magdalena van Beethoven. Eine Frau. Eine Mutter. Wer war sie? Was bewegte sie?<\/strong><\/p>\n<p style=\"text-align: center;\"><strong>Bildnis einer unbekannten Frau.<\/strong><\/p>\n<p style=\"text-align: center;\">(<a href=\"https:\/\/www.youtube.com\/watch?v=eRcJZf5qeVY\">Hier der Link zur 2. Performance am 7.9.2024<\/a>)<\/p>\n<p>&nbsp;<\/p>\n<p><img loading=\"lazy\" decoding=\"async\" class=\"wp-image-560 size-full aligncenter\" src=\"https:\/\/www.mutter-beethoven-haus.de\/wp-content\/uploads\/2024\/02\/Beethoven_zu_Besuch.jpg\" alt=\"\" width=\"480\" height=\"640\" srcset=\"https:\/\/www.mutter-beethoven-haus.de\/wp-content\/uploads\/2024\/02\/Beethoven_zu_Besuch.jpg 480w, https:\/\/www.mutter-beethoven-haus.de\/wp-content\/uploads\/2024\/02\/Beethoven_zu_Besuch-225x300.jpg 225w\" sizes=\"auto, (max-width: 480px) 100vw, 480px\" \/><\/p>\n<p style=\"text-align: center;\">Gem\u00e4lde der Ehrenbreitsteiner K\u00fcnstlerin <a href=\"https:\/\/editha-proebstle.de\/\" target=\"_blank\" rel=\"noopener\"> Editha Pr\u00f6bstle<\/a>:<br \/>\n<b>Beethoven bei seiner Gro\u00dfmutter in Ehrenbreitstein<br \/>\n<\/b>(Farbholzschnitt mit Collage, 100 x130 cm, Aufl. 4 2020)<\/p>\n<p>&nbsp;<\/p>\n<p><img loading=\"lazy\" decoding=\"async\" class=\"wp-image-561 aligncenter\" src=\"https:\/\/www.mutter-beethoven-haus.de\/wp-content\/uploads\/2024\/02\/Gemaelde-768x567-1.jpg\" alt=\"\" width=\"662\" height=\"488\" srcset=\"https:\/\/www.mutter-beethoven-haus.de\/wp-content\/uploads\/2024\/02\/Gemaelde-768x567-1.jpg 768w, https:\/\/www.mutter-beethoven-haus.de\/wp-content\/uploads\/2024\/02\/Gemaelde-768x567-1-300x221.jpg 300w\" sizes=\"auto, (max-width: 662px) 100vw, 662px\" \/><\/p>\n<p style=\"text-align: center;\">Gem\u00e4lde von Erika Girmann.<br \/>\nG\u00fcnstige Passepartoutkarten mit diesem Motiv oder mit dem Mutter-Beethoven-Haus im Winter<br \/>\nsind erh\u00e4ltlich bei der Malerin, Tel.: 0261 75805<\/p>\n<p>&nbsp;<\/p>\n<p><img loading=\"lazy\" decoding=\"async\" class=\"wp-image-562 aligncenter\" src=\"https:\/\/www.mutter-beethoven-haus.de\/wp-content\/uploads\/2024\/02\/L-v-B-768x605-1.jpg\" alt=\"\" width=\"658\" height=\"518\" srcset=\"https:\/\/www.mutter-beethoven-haus.de\/wp-content\/uploads\/2024\/02\/L-v-B-768x605-1.jpg 768w, https:\/\/www.mutter-beethoven-haus.de\/wp-content\/uploads\/2024\/02\/L-v-B-768x605-1-300x236.jpg 300w\" sizes=\"auto, (max-width: 658px) 100vw, 658px\" \/><\/p>\n<p style=\"text-align: center;\">Helena Hass: Mondscheinsonate (Buntstifte, Filzmaler und Pastellkreide, 30 x 38 cm).<br \/>\nDieses Werk wurde eigens zum 250. Geburtstag von Ludwig van Beethoven geschaffen<br \/>\nund ist bisher nicht \u00f6ffentlich zug\u00e4nglich.<\/p>\n<p>&nbsp;<\/p>\n<p><img loading=\"lazy\" decoding=\"async\" class=\"wp-image-479 aligncenter\" src=\"https:\/\/www.mutter-beethoven-haus.de\/wp-content\/uploads\/2024\/02\/Mu-Beeth-Gemaelde-Modell-Sabine-Cewinsky.jpg\" alt=\"\" width=\"654\" height=\"554\" srcset=\"https:\/\/www.mutter-beethoven-haus.de\/wp-content\/uploads\/2024\/02\/Mu-Beeth-Gemaelde-Modell-Sabine-Cewinsky.jpg 1876w, https:\/\/www.mutter-beethoven-haus.de\/wp-content\/uploads\/2024\/02\/Mu-Beeth-Gemaelde-Modell-Sabine-Cewinsky-300x254.jpg 300w, https:\/\/www.mutter-beethoven-haus.de\/wp-content\/uploads\/2024\/02\/Mu-Beeth-Gemaelde-Modell-Sabine-Cewinsky-1024x866.jpg 1024w, https:\/\/www.mutter-beethoven-haus.de\/wp-content\/uploads\/2024\/02\/Mu-Beeth-Gemaelde-Modell-Sabine-Cewinsky-768x650.jpg 768w, https:\/\/www.mutter-beethoven-haus.de\/wp-content\/uploads\/2024\/02\/Mu-Beeth-Gemaelde-Modell-Sabine-Cewinsky-1536x1299.jpg 1536w, https:\/\/www.mutter-beethoven-haus.de\/wp-content\/uploads\/2024\/02\/Mu-Beeth-Gemaelde-Modell-Sabine-Cewinsky-1140x964.jpg 1140w\" sizes=\"auto, (max-width: 654px) 100vw, 654px\" \/><\/p>\n<p style=\"text-align: center;\"><a href=\"https:\/\/www.youtube.com\/embed\/XHbl3zyXxrg?fs=1&amp;wmode=opaque&amp;rel=0\">Video: Feierliche Enth\u00fcllung des Gem\u00e4ldes \u201eBildnis der Mutter-Beethoven\u201c<\/a><br \/>\ndes K\u00fcnstlers Elias Maya im Mutter-Beethoven-Haus ( 6. September 2014).<br \/>\n<a href=\"https:\/\/www.youtube.com\/embed\/uWE_c5iEXKo?fs=1&amp;wmode=opaque&amp;rel=0\">Video zur Vorgeschichte des Werks<\/a><\/p>\n","protected":false},"excerpt":{"rendered":"<p>&nbsp; KLANGFARBEN \u2013 Musik und Malerei Gudrun Ackermann &amp; Sven F\u00f6rger Live Performance am 07. September 2024 zur Museumsnacht Koblenz Maria Magdalena van Beethoven. Eine Frau. Eine Mutter. Wer war sie? Was bewegte sie? Bildnis einer unbekannten Frau. (Hier der Link zur 2. Performance am 7.9.2024) &nbsp; Gem\u00e4lde der Ehrenbreitsteiner K\u00fcnstlerin Editha Pr\u00f6bstle: Beethoven bei seiner Gro\u00dfmutter in Ehrenbreitstein (Farbholzschnitt mit Collage, 100 x130 cm, Aufl. 4 2020) &nbsp; Gem\u00e4lde von Erika Girmann. G\u00fcnstige Passepartoutkarten mit diesem Motiv oder mit dem Mutter-Beethoven-Haus im Winter sind erh\u00e4ltlich bei der Malerin, Tel.: 0261 75805 &nbsp; Helena Hass: Mondscheinsonate (Buntstifte, Filzmaler und Pastellkreide, 30 x 38 cm). Dieses Werk wurde eigens zum 250. Geburtstag von Ludwig van Beethoven geschaffen und ist bisher nicht \u00f6ffentlich zug\u00e4nglich. &nbsp; Video: Feierliche Enth\u00fcllung des Gem\u00e4ldes \u201eBildnis der Mutter-Beethoven\u201c des K\u00fcnstlers Elias Maya im Mutter-Beethoven-Haus ( 6. September 2014). Video zur Vorgeschichte des Werks<\/p>\n","protected":false},"author":1,"featured_media":0,"parent":0,"menu_order":0,"comment_status":"closed","ping_status":"closed","template":"","meta":{"footnotes":""},"class_list":["post-65","page","type-page","status-publish","hentry"],"_links":{"self":[{"href":"https:\/\/www.mutter-beethoven-haus.de\/index.php?rest_route=\/wp\/v2\/pages\/65","targetHints":{"allow":["GET"]}}],"collection":[{"href":"https:\/\/www.mutter-beethoven-haus.de\/index.php?rest_route=\/wp\/v2\/pages"}],"about":[{"href":"https:\/\/www.mutter-beethoven-haus.de\/index.php?rest_route=\/wp\/v2\/types\/page"}],"author":[{"embeddable":true,"href":"https:\/\/www.mutter-beethoven-haus.de\/index.php?rest_route=\/wp\/v2\/users\/1"}],"replies":[{"embeddable":true,"href":"https:\/\/www.mutter-beethoven-haus.de\/index.php?rest_route=%2Fwp%2Fv2%2Fcomments&post=65"}],"version-history":[{"count":18,"href":"https:\/\/www.mutter-beethoven-haus.de\/index.php?rest_route=\/wp\/v2\/pages\/65\/revisions"}],"predecessor-version":[{"id":1009,"href":"https:\/\/www.mutter-beethoven-haus.de\/index.php?rest_route=\/wp\/v2\/pages\/65\/revisions\/1009"}],"wp:attachment":[{"href":"https:\/\/www.mutter-beethoven-haus.de\/index.php?rest_route=%2Fwp%2Fv2%2Fmedia&parent=65"}],"curies":[{"name":"wp","href":"https:\/\/api.w.org\/{rel}","templated":true}]}}