{"id":58,"date":"2021-11-27T16:14:03","date_gmt":"2021-11-27T15:14:03","guid":{"rendered":"https:\/\/www.endkorrektur.de\/Beethoven\/?page_id=58"},"modified":"2024-12-28T18:40:58","modified_gmt":"2024-12-28T17:40:58","slug":"freunde","status":"publish","type":"page","link":"https:\/\/www.mutter-beethoven-haus.de\/?page_id=58","title":{"rendered":"Freunde"},"content":{"rendered":"<h4 style=\"text-align: center;\"><span style=\"color: #cf2e2e;\">Unser Dank gilt allen, die unseren Verein unterst\u00fctzen:<\/span><\/h4>\n<p>&nbsp;<\/p>\n<p><img loading=\"lazy\" decoding=\"async\" class=\"alignnone size-full wp-image-870 aligncenter\" src=\"https:\/\/www.mutter-beethoven-haus.de\/wp-content\/uploads\/2024\/04\/Kulturstiftung.jpg\" alt=\"\" width=\"550\" height=\"144\" srcset=\"https:\/\/www.mutter-beethoven-haus.de\/wp-content\/uploads\/2024\/04\/Kulturstiftung.jpg 550w, https:\/\/www.mutter-beethoven-haus.de\/wp-content\/uploads\/2024\/04\/Kulturstiftung-300x79.jpg 300w\" sizes=\"auto, (max-width: 550px) 100vw, 550px\" \/><\/p>\n<p style=\"text-align: justify;\">Die Koblenzer Kultur Stiftung hat den F\u00f6rderverein des Mutter-Beethoven-Hauses zur Durchf\u00fchrung seiner besonderen Konzertreihe im dortigen Kammermusiksaal, mit allen Violinsonaten Ludwig van Beethovens, durch freundliche finanzielle Unterst\u00fctzungen 2016 und 2017 ermutigt und damit bei den Vorbereitungen zum 250. Geburtstages des Meisters im Jahr 2020 ma\u00dfgeblich geholfen: soll doch die dortige Ausstellung sich wieder zeitgem\u00e4\u00df pr\u00e4sentieren \u2013 als Aush\u00e4ngeschild der Kultur in Koblenz.<\/p>\n<p><img loading=\"lazy\" decoding=\"async\" class=\"alignnone size-full wp-image-872 aligncenter\" src=\"https:\/\/www.mutter-beethoven-haus.de\/wp-content\/uploads\/2024\/04\/Logo-Musikschule300-e1638465383426.jpg\" alt=\"\" width=\"242\" height=\"249\" \/><\/p>\n<p style=\"text-align: justify;\">Die Musikschule der Stadt Koblenz bietet seit einigen Jahren im Kammermusiksaal des Mutter-Beethoven-Hauses f\u00fcr die Stadtteilbewohner Ehrenbreitsteins Instrumentalunterricht an.<br \/>\nSie unterst\u00fctzt unseren F\u00f6rderverein von der ersten Stunde an, unter anderem durch die Finanzierung der General\u00fcberholung des in die Jahre gekommenen Schimmel-Fl\u00fcgels. Er ist Eigentum der Musikschule und steht jederzeit auch dem Verein der Freunde des MBH f\u00fcr anspruchsvolle Konzerte zur Verf\u00fcgung.<br \/>\nDar\u00fcber hinaus gibt die Musikschule immer wieder ideelle Hilfestellung zu vielen musikalischen Anl\u00e4ssen. Stellvertretend sei hier die Auff\u00fchrung aller Violinsonaten von Ludwig van Beethoven mit professionellen Virtuosen genannt. Daf\u00fcr sind wir dem Schulleiter Hans-Peter L\u00f6rsch und seinen Musikp\u00e4dagogen zu gro\u00dfem Dank verpflichtet.<\/p>\n<p><img loading=\"lazy\" decoding=\"async\" class=\"wp-image-868 size-medium aligncenter\" src=\"https:\/\/www.mutter-beethoven-haus.de\/wp-content\/uploads\/2024\/04\/32903-JoHo-Logo-300x298.png\" alt=\"\" width=\"300\" height=\"298\" srcset=\"https:\/\/www.mutter-beethoven-haus.de\/wp-content\/uploads\/2024\/04\/32903-JoHo-Logo-300x298.png 300w, https:\/\/www.mutter-beethoven-haus.de\/wp-content\/uploads\/2024\/04\/32903-JoHo-Logo-1024x1018.png 1024w, https:\/\/www.mutter-beethoven-haus.de\/wp-content\/uploads\/2024\/04\/32903-JoHo-Logo-150x150.png 150w, https:\/\/www.mutter-beethoven-haus.de\/wp-content\/uploads\/2024\/04\/32903-JoHo-Logo-768x764.png 768w, https:\/\/www.mutter-beethoven-haus.de\/wp-content\/uploads\/2024\/04\/32903-JoHo-Logo-1536x1527.png 1536w, https:\/\/www.mutter-beethoven-haus.de\/wp-content\/uploads\/2024\/04\/32903-JoHo-Logo-1140x1133.png 1140w, https:\/\/www.mutter-beethoven-haus.de\/wp-content\/uploads\/2024\/04\/32903-JoHo-Logo-75x75.png 75w, https:\/\/www.mutter-beethoven-haus.de\/wp-content\/uploads\/2024\/04\/32903-JoHo-Logo.png 1538w\" sizes=\"auto, (max-width: 300px) 100vw, 300px\" \/><\/p>\n<p>&nbsp;<\/p>\n<p style=\"text-align: justify;\">Die JoHo Sch\u00e4ngel Stiftung Koblenz bedachte uns 2015 mit einer Spende f\u00fcr das Konzert f\u00fcr junge Musiktalente \u201cDebut im MBH 2016\u201d, die Oberb\u00fcrgermeister Prof. Dr. Joachim Hofmann-G\u00f6ttig \u00fcberreichte.<\/p>\n<p><img loading=\"lazy\" decoding=\"async\" class=\"alignnone wp-image-633 aligncenter\" src=\"https:\/\/www.mutter-beethoven-haus.de\/wp-content\/uploads\/2024\/02\/Werber-e1638465304891.jpg\" alt=\"\" width=\"300\" height=\"184\" \/><\/p>\n<p>Die ion4-Werbeagentur schuf das Logo des Vereins, das wir auch auf dieser Website nutzen.<\/p>\n<p>&nbsp;<\/p>\n","protected":false},"excerpt":{"rendered":"<p>Unser Dank gilt allen, die unseren Verein unterst\u00fctzen: &nbsp; Die Koblenzer Kultur Stiftung hat den F\u00f6rderverein des Mutter-Beethoven-Hauses zur Durchf\u00fchrung seiner besonderen Konzertreihe im dortigen Kammermusiksaal, mit allen Violinsonaten Ludwig van Beethovens, durch freundliche finanzielle Unterst\u00fctzungen 2016 und 2017 ermutigt und damit bei den Vorbereitungen zum 250. Geburtstages des Meisters im Jahr 2020 ma\u00dfgeblich geholfen: soll doch die dortige Ausstellung sich wieder zeitgem\u00e4\u00df pr\u00e4sentieren \u2013 als Aush\u00e4ngeschild der Kultur in Koblenz. Die Musikschule der Stadt Koblenz bietet seit einigen Jahren im Kammermusiksaal des Mutter-Beethoven-Hauses f\u00fcr die Stadtteilbewohner Ehrenbreitsteins Instrumentalunterricht an. Sie unterst\u00fctzt unseren F\u00f6rderverein von der ersten Stunde an, unter anderem durch die Finanzierung der General\u00fcberholung des in die Jahre gekommenen Schimmel-Fl\u00fcgels. Er ist Eigentum der Musikschule und steht jederzeit auch dem Verein der Freunde des MBH f\u00fcr anspruchsvolle Konzerte zur Verf\u00fcgung. Dar\u00fcber hinaus gibt die Musikschule immer wieder ideelle Hilfestellung zu vielen musikalischen Anl\u00e4ssen. Stellvertretend sei hier die Auff\u00fchrung aller Violinsonaten von Ludwig van Beethoven mit professionellen Virtuosen genannt. Daf\u00fcr sind wir dem Schulleiter Hans-Peter L\u00f6rsch und seinen Musikp\u00e4dagogen zu gro\u00dfem Dank verpflichtet. &nbsp; Die JoHo Sch\u00e4ngel Stiftung Koblenz bedachte uns 2015 mit einer Spende f\u00fcr das Konzert f\u00fcr junge Musiktalente \u201cDebut im MBH 2016\u201d, die Oberb\u00fcrgermeister Prof. Dr. Joachim Hofmann-G\u00f6ttig \u00fcberreichte. Die ion4-Werbeagentur schuf das Logo des Vereins, das wir auch auf dieser Website nutzen. &nbsp;<\/p>\n","protected":false},"author":1,"featured_media":0,"parent":0,"menu_order":0,"comment_status":"closed","ping_status":"closed","template":"","meta":{"footnotes":""},"class_list":["post-58","page","type-page","status-publish","hentry"],"_links":{"self":[{"href":"https:\/\/www.mutter-beethoven-haus.de\/index.php?rest_route=\/wp\/v2\/pages\/58","targetHints":{"allow":["GET"]}}],"collection":[{"href":"https:\/\/www.mutter-beethoven-haus.de\/index.php?rest_route=\/wp\/v2\/pages"}],"about":[{"href":"https:\/\/www.mutter-beethoven-haus.de\/index.php?rest_route=\/wp\/v2\/types\/page"}],"author":[{"embeddable":true,"href":"https:\/\/www.mutter-beethoven-haus.de\/index.php?rest_route=\/wp\/v2\/users\/1"}],"replies":[{"embeddable":true,"href":"https:\/\/www.mutter-beethoven-haus.de\/index.php?rest_route=%2Fwp%2Fv2%2Fcomments&post=58"}],"version-history":[{"count":9,"href":"https:\/\/www.mutter-beethoven-haus.de\/index.php?rest_route=\/wp\/v2\/pages\/58\/revisions"}],"predecessor-version":[{"id":1049,"href":"https:\/\/www.mutter-beethoven-haus.de\/index.php?rest_route=\/wp\/v2\/pages\/58\/revisions\/1049"}],"wp:attachment":[{"href":"https:\/\/www.mutter-beethoven-haus.de\/index.php?rest_route=%2Fwp%2Fv2%2Fmedia&parent=58"}],"curies":[{"name":"wp","href":"https:\/\/api.w.org\/{rel}","templated":true}]}}