{"id":214,"date":"2024-02-08T21:36:36","date_gmt":"2024-02-08T20:36:36","guid":{"rendered":"https:\/\/www.endkorrektur.de\/Beethoven\/?page_id=214"},"modified":"2024-02-12T16:16:16","modified_gmt":"2024-02-12T15:16:16","slug":"sophie-von-la-roche","status":"publish","type":"page","link":"https:\/\/www.mutter-beethoven-haus.de\/?page_id=214","title":{"rendered":"Sophie von La Roche"},"content":{"rendered":"<section class=\"elementor-section elementor-top-section elementor-element elementor-element-ceedbcd elementor-section-boxed elementor-section-height-default elementor-section-height-default\" data-id=\"ceedbcd\" data-element_type=\"section\">\n<div class=\"elementor-container elementor-column-gap-default\">\n<div class=\"elementor-column elementor-col-50 elementor-top-column elementor-element elementor-element-0c0a510\" data-id=\"0c0a510\" data-element_type=\"column\">\n<div class=\"elementor-widget-wrap elementor-element-populated\">\n<div class=\"elementor-element elementor-element-63131df elementor-widget elementor-widget-text-editor\" data-id=\"63131df\" data-element_type=\"widget\" data-widget_type=\"text-editor.default\">\n<div class=\"elementor-widget-container\">\n<figure id=\"attachment_497\" aria-describedby=\"caption-attachment-497\" style=\"width: 500px\" class=\"wp-caption aligncenter\"><img loading=\"lazy\" decoding=\"async\" class=\" wp-image-497\" src=\"https:\/\/www.endkorrektur.de\/Beethoven\/wp-content\/uploads\/2024\/02\/LaRoche2-257x300.jpeg\" alt=\"\" width=\"500\" height=\"584\" srcset=\"https:\/\/www.mutter-beethoven-haus.de\/wp-content\/uploads\/2024\/02\/LaRoche2-257x300.jpeg 257w, https:\/\/www.mutter-beethoven-haus.de\/wp-content\/uploads\/2024\/02\/LaRoche2-768x895.jpeg 768w, https:\/\/www.mutter-beethoven-haus.de\/wp-content\/uploads\/2024\/02\/LaRoche2-1140x1329.jpeg 1140w, https:\/\/www.mutter-beethoven-haus.de\/wp-content\/uploads\/2024\/02\/LaRoche2.jpeg 1161w\" sizes=\"auto, (max-width: 500px) 100vw, 500px\" \/><figcaption id=\"caption-attachment-497\" class=\"wp-caption-text\">Sophie von La Roche, um 1774, Freies Deutsches Hochstift \/ Frankfurter Goethe-Museum<\/figcaption><\/figure>\n<p style=\"text-align: justify;\">Zehn Jahre lebte die Schriftstellerin Sophie La Roche (1730\u20131807) in Ehrenbreitstein und schuf in ihrem Haus einen Ort der Begegnung f\u00fcr Literatur- und Kunstinteressierte. Nachdem ihr Ehemann Georg Michael La Roche (1720\u20131788) im Jahr 1771 als Konferenzrat an den Hof des Trierer Kurf\u00fcrsten Clemens Wenzeslaus (1739\u20131812) berufen wurde, zog die Familie La Roche nach Ehrenbreitstein in das Haus Hofstra\u00dfe 262. Das Haus befand sich nahe der Philippsburg, der Residenz des Kurf\u00fcrsten und dem Direktorialgeb\u00e4ude, dem Beh\u00f6rdensitz.<\/p>\n<p style=\"text-align: justify;\">In Ehrenbreitstein kam die ganze Familie wieder zusammen. Die beiden T\u00f6chter Maximiliane (1756\u20131793) und Lulu (1759\u20131832) waren bis zu diesem Zeitpunkt in einem Kloster in Stra\u00dfburg erzogen worden und ihr Sohn Fritz (1757\u2013um 1814) bei Sophies Vetter, dem Schriftsteller Christoph Martin Wieland (1733\u20131813). Dessen ersten Besuch in Ehrenbreitstein nahm Sophie zum Anlass, einen Kreis von Dichtern einzuladen. Dies war der erste von vielen Besuchen von Schriftstellern und Intellektuellen in Ehrenbreitstein. Die La Roches f\u00fchrten fortan ein gastliches Haus mit wechselnden Besuchern, die h\u00e4ufig \u00fcber mehrere Tage blieben. Angeh\u00f6rige des Hofes und bekannte Familien aus Koblenz und Umgebung z\u00e4hlten zu ihrem Freundes- und Bekanntenkreis, so z. B. die Familien des Freiherrn von Stein, des Grafen von Eltz und von Lassaulx. So ergaben sich angeregte Treffen von Autoren, Wissenschaftlern und Literaturinteressierten.<\/p>\n<p style=\"text-align: justify;\">Sophie La Roche schuf in Ehrenbreitstein einen Raum f\u00fcr gehobene Konversation, Literatur und Lesungen, der als Vorl\u00e4ufer der ber\u00fchmten Salons des 19. Jahrhunderts von Henriette Herz (1764\u20131847) und Rahel Varnhagen (1771\u20131833) zu sehen ist.<\/p>\n<\/div>\n<\/div>\n<\/div>\n<\/div>\n<\/div>\n<\/section>\n<section class=\"elementor-section elementor-top-section elementor-element elementor-element-1f1dd4b elementor-section-boxed elementor-section-height-default elementor-section-height-default\" data-id=\"1f1dd4b\" data-element_type=\"section\">\n<div class=\"elementor-container elementor-column-gap-default\">\n<div class=\"elementor-column elementor-col-100 elementor-top-column elementor-element elementor-element-5fa027a\" data-id=\"5fa027a\" data-element_type=\"column\">\n<div class=\"elementor-widget-wrap elementor-element-populated\">\n<div class=\"elementor-element elementor-element-a79be18 elementor-widget elementor-widget-text-editor\" data-id=\"a79be18\" data-element_type=\"widget\" data-widget_type=\"text-editor.default\">\n<div class=\"elementor-widget-container\">\n<p style=\"text-align: justify;\">(Bild und Text [leicht ver\u00e4ndert] entnommen aus: Koelges, B.: Sophie La Roche und Clemens Brentano in Ehrenbreitstein und Koblenz. In: von der Bank, M. [Hrsg.][2020]: Museum Mutter-Beethoven-Haus. Petersberg 2020)<\/p>\n<\/div>\n<\/div>\n<\/div>\n<\/div>\n<\/div>\n<\/section>\n","protected":false},"excerpt":{"rendered":"<p>Zehn Jahre lebte die Schriftstellerin Sophie La Roche (1730\u20131807) in Ehrenbreitstein und schuf in ihrem Haus einen Ort der Begegnung f\u00fcr Literatur- und Kunstinteressierte. Nachdem ihr Ehemann Georg Michael La Roche (1720\u20131788) im Jahr 1771 als Konferenzrat an den Hof des Trierer Kurf\u00fcrsten Clemens Wenzeslaus (1739\u20131812) berufen wurde, zog die Familie La Roche nach Ehrenbreitstein in das Haus Hofstra\u00dfe 262. Das Haus befand sich nahe der Philippsburg, der Residenz des Kurf\u00fcrsten und dem Direktorialgeb\u00e4ude, dem Beh\u00f6rdensitz. In Ehrenbreitstein kam die ganze Familie wieder zusammen. Die beiden T\u00f6chter Maximiliane (1756\u20131793) und Lulu (1759\u20131832) waren bis zu diesem Zeitpunkt in einem Kloster in Stra\u00dfburg erzogen worden und ihr Sohn Fritz (1757\u2013um 1814) bei Sophies Vetter, dem Schriftsteller Christoph Martin Wieland (1733\u20131813). Dessen ersten Besuch in Ehrenbreitstein nahm Sophie zum Anlass, einen Kreis von Dichtern einzuladen. Dies war der erste von vielen Besuchen von Schriftstellern und Intellektuellen in Ehrenbreitstein. Die La Roches f\u00fchrten fortan ein gastliches Haus mit wechselnden Besuchern, die h\u00e4ufig \u00fcber mehrere Tage blieben. Angeh\u00f6rige des Hofes und bekannte Familien aus Koblenz und Umgebung z\u00e4hlten zu ihrem Freundes- und Bekanntenkreis, so z. B. die Familien des Freiherrn von Stein, des Grafen von Eltz und von Lassaulx. So ergaben sich angeregte Treffen von Autoren, Wissenschaftlern und Literaturinteressierten. Sophie La Roche schuf in Ehrenbreitstein einen Raum f\u00fcr gehobene Konversation, Literatur und Lesungen, der als Vorl\u00e4ufer der ber\u00fchmten Salons des 19. Jahrhunderts von Henriette Herz (1764\u20131847) und Rahel Varnhagen (1771\u20131833) zu sehen ist. (Bild und Text [leicht ver\u00e4ndert] entnommen aus: Koelges, B.: Sophie La Roche und Clemens Brentano in Ehrenbreitstein und Koblenz. In: von der Bank, M. [Hrsg.][2020]: Museum Mutter-Beethoven-Haus. Petersberg 2020)<\/p>\n","protected":false},"author":1,"featured_media":0,"parent":0,"menu_order":0,"comment_status":"closed","ping_status":"closed","template":"","meta":{"footnotes":""},"class_list":["post-214","page","type-page","status-publish","hentry"],"_links":{"self":[{"href":"https:\/\/www.mutter-beethoven-haus.de\/index.php?rest_route=\/wp\/v2\/pages\/214","targetHints":{"allow":["GET"]}}],"collection":[{"href":"https:\/\/www.mutter-beethoven-haus.de\/index.php?rest_route=\/wp\/v2\/pages"}],"about":[{"href":"https:\/\/www.mutter-beethoven-haus.de\/index.php?rest_route=\/wp\/v2\/types\/page"}],"author":[{"embeddable":true,"href":"https:\/\/www.mutter-beethoven-haus.de\/index.php?rest_route=\/wp\/v2\/users\/1"}],"replies":[{"embeddable":true,"href":"https:\/\/www.mutter-beethoven-haus.de\/index.php?rest_route=%2Fwp%2Fv2%2Fcomments&post=214"}],"version-history":[{"count":4,"href":"https:\/\/www.mutter-beethoven-haus.de\/index.php?rest_route=\/wp\/v2\/pages\/214\/revisions"}],"predecessor-version":[{"id":505,"href":"https:\/\/www.mutter-beethoven-haus.de\/index.php?rest_route=\/wp\/v2\/pages\/214\/revisions\/505"}],"wp:attachment":[{"href":"https:\/\/www.mutter-beethoven-haus.de\/index.php?rest_route=%2Fwp%2Fv2%2Fmedia&parent=214"}],"curies":[{"name":"wp","href":"https:\/\/api.w.org\/{rel}","templated":true}]}}